 4*q**3 - 5*q**3 - 7*q**2 - 20 + 2*q**3. What is the units digit of p(7)?
2
Suppose -q = 5*l - 67, 7 = l - q - 2*q. Suppose l*k = 10*k + 213. What is the units digit of k?
1
Let v(z) = 2*z**3 - z**2 + 3*z + 5. Let j(d) = d**3 + 2*d + 5. Let w(i) = 4*j(i) - 3*v(i). Let s be w(-3). Let h = s - 61. What is the tens digit of h?
2
Suppose 2*g = 4*q + 18, 2*q + 2*q = -4*g - 12. Let b = q - 3. Let h = 22 + b. What is the tens digit of h?
1
Let q(d) = d + 14. Let p(a) = a**3 - 11*a**2 + 2*a - 10. Let v be p(11). What is the units digit of q(v)?
6
Let d(b) = -10*b + 231. What is the hundreds digit of d(-17)?
4
Suppose -3*z + 2803 - 760 = 0. What is the tens digit of z?
8
Let n(o) = -o**3 - 19*o**2 - 19*o + 3. What is the tens digit of n(-20)?
8
Suppose 3*j + 234 = -144. Let g = -70 - j. What is the tens digit of g?
5
Let k be (-3)/(-6) - 2172/(-8). Let n = 179 - k. Let x = 141 + n. What is the tens digit of x?
4
Suppose 6*l - 395 = 337. Let p be l*(-2 - 5/(-2)). Let v = p + 5. What is the units digit of v?
6
Let l = -365 - -621. What is the hundreds digit of l?
2
Let o = -471 + 477. What is the units digit of o?
6
Let b be (-20)/(-2) + (2 - 0). What is the units digit of (b/4)/(-3*(-1)/82)?
2
Suppose -18*f - 10 = -82. Suppose 0 = -r - w - 0 + 3, 2*r = -5*w. Suppose -4*t + 20 = 4*k, 0 = r*k + f + 1. What is the units digit of t?
6
Let n(m) = 400*m**2 - 13*m - 21. What is the tens digit of n(-2)?
0
Let p be 2 + (-402)/(-5) + 20/(-50). Suppose -271 + p = -3*w. What is the units digit of w?
3
Let m(h) = h**3 - 4*h**2 - h + 5. Let j(q) = q**2 + q - 2. Let k be j(2). Suppose -11 - k = -3*t. What is the tens digit of m(t)?
2
Suppose 0 = 4*k - 2*q + 100, -4*q - 5 = 3. What is the tens digit of (-4)/k - (-1270)/26?
4
Let p be 2/6*(-6 + -9). Let j be (-842)/p + 10/(-25). Suppose -4*a + d + j = 0, 5*a + d = 10*a - 209. What is the tens digit of a?
4
Let y(z) = -12*z + 5. Let l be y(-4). Let x = -24 + l. Let d = x + -18. What is the units digit of d?
1
Suppose 3*v + 3*t - 68 = 4*v, 0 = 2*v + 4*t + 136. Let s = -9 - v. What is the tens digit of s?
5
Let x = 58 + -18. Suppose 0*k + 5*k = x. What is the units digit of ((-125)/(-20))/(2/k)?
5
Suppose -6*k + 3696 = 2*k. What is the tens digit of k?
6
Suppose 0 = -2*l - l + 117. Suppose 5*v = x + 4*v, 5*v = -x + 18. Suppose -x*c + 54 = -l. What is the tens digit of c?
3
Suppose 5 - 2 = -q. Let j be (q/2)/((-3)/36). Suppose j = 3*c - 33. What is the tens digit of c?
1
Let v be 6 - (-2 - 1*-4*1). What is the units digit of 9 - v/(-16)*0?
9
Suppose y = -y - 4. What is the units digit of ((-5)/((-70)/(-7)))/(1/y)?
1
Suppose -i + 1 + 0 = 0. What is the tens digit of ((-261)/6*-2)/(i + 0)?
8
Suppose 13*g = 23*g - 4110. What is the tens digit of g?
1
Let u(b) = -b**2 + 16*b - 18. Let n be u(15). Let k = n + 61. What is the units digit of k?
8
Suppose 0 = 2536*q - 2531*q - 18625. What is the thousands digit of q?
3
Let p(n) = -n**2 + 3*n + 74. Let w be p(-7). Suppose 0*u + 70 = 5*u. Suppose 2*z - w = u. What is the units digit of z?
9
Suppose -272 = -m + 3*x + 287, 5*x = -10. What is the hundreds digit of m?
5
Let g = -5 - -7. Suppose -g*j + 59 = 9. Suppose 4*b + j = 109. What is the tens digit of b?
2
Suppose -4*g = -g - 9. Suppose -13 = -4*z - z + g*r, z = -2*r. What is the units digit of z?
2
Suppose 0 = 2*i - a + 5*a - 384, -2*a = 4. What is the hundreds digit of i?
1
Suppose -29*q = -13356 - 5726. What is the hundreds digit of q?
6
Suppose 4 - 34 = 5*v + 3*i, -3*v + 3*i + 6 = 0. Let y be (-1)/v - (-6727)/(-21). What is the units digit of -2 - y/(3 + 2)?
2
Suppose 1395 = 4*a - 3325. What is the tens digit of a?
8
Suppose 3*y - 1203 = 2*y - 3*g, 0 = -2*y + 2*g + 2406. What is the tens digit of y?
0
Suppose -5*q + 3*n = -24, -n = -5*q - 2*n + 12. Let y be 2/(1 + 5) + 5/3. Suppose -q*g - y*g = -125. What is the tens digit of g?
2
Suppose -4*i + 171 = -13. Let z = i + -12. Let t = 86 - z. What is the units digit of t?
2
Let w = 212 - -2580. What is the tens digit of w?
9
Suppose -3*k + 15 + 9 = 0. Let s(f) = -f**3 + 8*f**2 - 1. Let n be s(k). Let y(p) = -10*p - 1. What is the units digit of y(n)?
9
Let w(v) = 2*v**2 - 14*v + 45. What is the hundreds digit of w(11)?
1
Suppose -32*y + 31*y + 272 = 0. What is the hundreds digit of y?
2
Let f(k) = -k**3 - 41*k**2 - 54*k - 33. What is the thousands digit of f(-42)?
3
Suppose 0 = -5*k + 56 - 11. Suppose -2*t + 6*n - 4*n = -36, 4*t + 4*n = 104. Suppose -u = 0, u = -m + t - k. What is the units digit of m?
3
Let x(b) = 2*b**2 - 2. Let o be x(-2). Let t = 248 + -178. What is the tens digit of 9/o - t/(-4)?
1
Suppose -4*l + s = -4*s - 68, -4*l + 3*s + 60 = 0. Let j = l - 10. Suppose -x = -j*x + 11. What is the tens digit of x?
1
Suppose 4*t + 119 = -3*s + 2146, s - 676 = -t. Let q = s + -448. What is the hundreds digit of q?
2
Let s(v) = v**3 - 9*v**2 - 11*v - 10. Let a be s(9). Let y = a + 211. What is the tens digit of y?
0
Suppose 0 = -26*t + 98133 - 36123. What is the thousands digit of t?
2
Suppose 6 = -a - 164. Let t = -65 - a. What is the units digit of t?
5
Let y = -106 + 129. Let o = 261 + y. What is the hundreds digit of o?
2
Suppose 30*t + 15 = 25*t. Let y(v) = 7*v**2 - 2*v + v**3 - 6 + 2 + 0*v. What is the units digit of y(t)?
8
Suppose 2*w = 5*a - 50, 0 = -a + 2*w - w + 7. What is the units digit of ((-6)/7)/(a/(-1092))?
8
Let y be 2 + -1 + (-77)/(-7). Suppose -d - y = -5*d. Suppose -d*u + 49 = -35. What is the units digit of u?
8
Let m(c) be the first derivative of -41*c**4/2 + c**3/3 + c**2 + c + 15. What is the units digit of m(-1)?
2
Let k = 1326 - 1013. What is the tens digit of k?
1
Let u = -329 - -531. What is the units digit of u?
2
Suppose -40 - 48 = -4*t + 3*h, 3*h = 2*t - 38. Suppose 0 = 5*g - 55 - t. Let z = g - -17. What is the units digit of z?
3
Suppose -1 = 3*x - 13. Suppose x*u - 21 = r, -5*r + 1 - 22 = u. What is the units digit of 12/u + (0 - 1)?
2
Suppose q + 5*w - 6 + 2 = 0, -4*q - 4*w + 16 = 0. Suppose 0 = -5*f - 3*p - 6, -5*p - 10 = -7*f + q*f. Suppose f*o = -4*o + 28. What is the units digit of o?
7
Let d = 66 - 126. Let z = -87 - d. Let l = 6 - z. What is the tens digit of l?
3
Suppose 5*x = 5*m - 25, -x - x + 5*m - 22 = 0. What is the units digit of -2*x*(-27)/(-6)?
9
Suppose -4*m - m - 40 = 0. Let y(b) = -4*b**2 + 13*b - 9. Let t(g) = 6*g**2 - 19*g + 13. Let w(j) = m*y(j) - 5*t(j). What is the units digit of w(6)?
5
Let l = -22 - -46. Suppose 5 = v - l. What is the tens digit of v?
2
Let b(y) = -32*y - 12. Suppose p = -5*c - 32, 0 = c + 2*p - 5*p. What is the units digit of b(c)?
0
Suppose 77 = 5*q - 3. Let b = q + -11. Suppose b*l + 28 = 148. What is the tens digit of l?
2
Suppose -239994 = -76*m + 9*m. What is the hundreds digit of m?
5
Let n(k) = -5*k - 10. Let i be n(-9). Let f = i + 1. What is the units digit of f?
6
What is the hundreds digit of (18/5)/(4/2280)?
0
Suppose -9*j - 7610 = -19*j. What is the tens digit of j?
6
Suppose -20 = 15*m - 17*m. What is the tens digit of ((-114)/4 + 15/m)/(-1)?
2
Let w = 91 + -59. Suppose -4*t + 5*t = -2. What is the units digit of ((-1)/t)/(8/w)?
2
Let v(f) be the second derivative of -f**4/12 + 3*f**3 - 10*f**2 - 7*f. What is the units digit of v(16)?
2
Let o be (-2 - (-3 + 0))/(1/12). What is the units digit of 9/o + 2/((-8)/(-273))?
9
Suppose -11*p + 6*p - 860 = 0. Let c = -82 - p. What is the tens digit of c?
9
Let s be ((-2)/7)/((-68)/(-14) - 5). What is the tens digit of ((3 - -4) + -9)/(s/(-68))?
6
Suppose -4*r + 820 = r. Suppose s - 53 = -c - s, -3*c - s = -r. What is the units digit of c?
5
Let j(q) = q**3 - 4*q - 6*q**3 + 8*q**2 + 0*q**3 + 4*q**3 + 6. Suppose -2*p + g + 10 = 0, 4*g + 0*g - 9 = p. What is the tens digit of j(p)?
2
Suppose 3 = 2*t - 5, 0 = -3*x - 5*t + 2. What is the units digit of (-21)/(-2)*(x + 92/6)?
8
Let d = -16 + 31. Suppose 0 = d*y - 4*y - 792. What is the tens digit of y?
7
Let j = 4854 - 3332. What is the units digit of j?
2
Suppose a = 4*o - 288, -4*o - 2*a + 134 = -2*o. Let h = o + -8. What is the units digit of h?
3
Suppose 0 = -66*p + 6139 + 284921. What is the thousands digit of p?
4
Let z = 94 + -91. Suppose -3*a + 5*b = -377, -68 = -z*a + 2*b + 297. What is the units digit of a?
9
What is the hundreds digit of 15380/35 + (-6)/14 + 4?
4
Let l = 2861 + -2051. 